 is the remainder when 5857839 is divided by 6?
3
What is the remainder when 45699 is divided by 7383?
1401
What is the remainder when 271197 is divided by 94?
7
What is the remainder when 928298 is divided by 5989?
3
What is the remainder when 574729 is divided by 63854?
43
Calculate the remainder when 11207807 is divided by 8.
7
Calculate the remainder when 415813 is divided by 138589.
46
What is the remainder when 1355179 is divided by 30798?
67
What is the remainder when 42642 is divided by 8237?
1457
Calculate the remainder when 837951 is divided by 16395.
1806
What is the remainder when 74694 is divided by 4960?
294
What is the remainder when 871304 is divided by 175?
154
Calculate the remainder when 95479 is divided by 5947.
327
Calculate the remainder when 6836523 is divided by 282.
279
Calculate the remainder when 26686019 is divided by 109819.
2
Calculate the remainder when 12179429 is divided by 667.
9
Calculate the remainder when 1961529 is divided by 653823.
60
Calculate the remainder when 471113 is divided by 177.
116
What is the remainder when 283943 is divided by 3378?
191
Calculate the remainder when 369717 is divided by 61616.
21
What is the remainder when 2499206 is divided by 1249492?
222
Calculate the remainder when 19792054 is divided by 135.
109
Calculate the remainder when 17837394 is divided by 4003.
26
What is the remainder when 4315676 is divided by 53?
45
Calculate the remainder when 2450995 is divided by 402.
1
What is the remainder when 866299 is divided by 286?
5
What is the remainder when 4908844 is divided by 2642?
8
What is the remainder when 6960650 is divided by 2153?
1
What is the remainder when 7413629 is divided by 19?
0
Calculate the remainder when 22428 is divided by 676.
120
What is the remainder when 6970440 is divided by 882?
876
Calculate the remainder when 51194206 is divided by 951.
925
Calculate the remainder when 389180 is divided by 11791.
77
Calculate the remainder when 1348656 is divided by 674320.
16
What is the remainder when 41350 is divided by 554?
354
Calculate the remainder when 9508 is divided by 7710.
1798
What is the remainder when 103468 is divided by 1829?
1044
Calculate the remainder when 15535 is divided by 13912.
1623
Calculate the remainder when 12918880 is divided by 21213.
163
Calculate the remainder when 110681 is divided by 110211.
470
What is the remainder when 108540 is divided by 1540?
740
What is the remainder when 384637 is divided by 1020?
97
What is the remainder when 327677276 is divided by 5?
1
Calculate the remainder when 2210398 is divided by 470.
458
What is the remainder when 37091 is divided by 5308?
5243
What is the remainder when 4758027 is divided by 144176?
219
What is the remainder when 3410591 is divided by 13808?
15
Calculate the remainder when 4671010 is divided by 33127.
103
Calculate the remainder when 5251300 is divided by 1312809.
64
Calculate the remainder when 313792 is divided by 17370.
1132
Calculate the remainder when 44188061 is divided by 8519.
8
What is the remainder when 4498111 is divided by 36570?
1
What is the remainder when 90275634 is divided by 280?
274
What is the remainder when 2177309 is divided by 37535?
279
Calculate the remainder when 758041836 is divided by 20.
16
What is the remainder when 2129387 is divided by 6?
5
What is the remainder when 38161 is divided by 4360?
3281
What is the remainder when 725320 is divided by 241558?
646
Calculate the remainder when 61441263 is divided by 1154.
1149
What is the remainder when 330716 is divided by 387?
218
What is the remainder when 604076 is divided by 405?
221
Calculate the remainder when 621967674 is divided by 11.
9
What is the remainder when 108175 is divided by 1893?
274
Calculate the remainder when 1188287 is divided by 1188282.
5
Calculate the remainder when 715144 is divided by 238377.
13
Calculate the remainder when 5078857 is divided by 894.
43
What is the remainder when 93759453 is divided by 50?
3
Calculate the remainder when 369856 is divided by 184899.
58
Calculate the remainder when 777257 is divided by 51816.
17
Calculate the remainder when 3142402 is divided by 9004.
6
What is the remainder when 31808658 is divided by 31808646?
12
What is the remainder when 3584452 is divided by 3584420?
32
Calculate the remainder when 1847644 is divided by 263945.
29
Calculate the remainder when 15373862 is divided by 2615.
277
Calculate the remainder when 1017863 is divided by 1219.
1217
Calculate the remainder when 49548627 is divided by 3359.
18
What is the remainder when 3455026 is divided by 230326?
136
Calculate the remainder when 17470056 is divided by 158.
154
Calculate the remainder when 89670 is divided by 6.
0
What is the remainder when 71240 is divided by 70?
50
Calculate the remainder when 73193667 is divided by 561.
558
What is the remainder when 3486543 is divided by 348639?
153
What is the remainder when 221448 is divided by 1690?
58
Calculate the remainder when 11988774 is divided by 1614.
1596
Calculate the remainder when 395376 is divided by 197353.
670
What is the remainder when 78283152 is divided by 292?
288
Calculate the remainder when 17854739 is divided by 4006.
4003
Calculate the remainder when 47122 is divided by 5713.
1418
Calculate the remainder when 16946204 is divided by 1392.
1388
What is the remainder when 787944 is divided by 1042?
192
Calculate the remainder when 88523325 is divided by 613.
608
What is the remainder when 205900155 is divided by 185162?
11
Calculate the remainder when 8092039 is divided by 1892.
1847
Calculate the remainder when 263301 is divided by 42732.
6909
What is the remainder when 341333 is divided by 2455?
88
What is the remainder when 6916888 is divided by 520?
368
What is the remainder when 49883757 is divided by 948?
945
Calculate the remainder when 7897 is divided by 5477.
2420
Calculate the remainder when 42844536 is divided by 126.
0
Calculate the remainder when 7464502 is divided by 101.
97
Calculate the remainder when 155220 is divided by 155106.
114
What is the remainder when 375894 is divided by 34147?
277
What is the remainder when 227305 is divided by 45421?
200
Calculate the remainder when 25435 is divided by 1094.
273
What is the remainder when 985152 is divided by 190?
2
What is the remainder when 87120557 is divided by 14?
13
Calculate the remainder when 2267172 is divided by 1137.
1131
Calculate the remainder when 100529 is divided by 4558.
253
Calculate the remainder when 70831 is divided by 2337.
721
Calculate the remainder when 8104178 is divided by 11918.
11856
What is the remainder when 874054 is divided by 3772?
2722
What is the remainder when 8735190 is divided by 9052?
10
What is the remainder when 119121039 is divided by 5917?
5912
Calculate the remainder when 11270697 is divided by 1610093.
46
What is the remainder when 3411454 is divided by 4?
2
Calculate the remainder when 5201890 is divided by 3684.
82
Calculate the remainder when 62442 is divided by 10912.
7882
What is the remainder when 243179510 is divided by 1920?
1910
What is the remainder when 435431 is divided by 3245?
601
Calculate the remainder when 828840 is divided by 1083.
345
What is the remainder when 707065 is divided by 2457?
1906
Calculate the remainder when 1820312 is divided by 4109.
25
What is the remainder when 330939 is divided by 18330?
999
Calculate the remainder when 85429033 is divided by 95.
93
What is the remainder when 7014028 is divided by 41?
35
Calculate the remainder when 172855945 is divided by 145.
140
Calculate the remainder when 136616 is divided by 164.
4
What is the remainder when 210992 is divided by 435?
17
Calculate the remainder when 1737 is divided by 834.
69
What is the remainder when 142480778 is divided by 1113131?
10
What is the remainder when 8389 is divided by 4225?
4164
Calculate the remainder when 73183 is divided by 9111.
295
Calculate the remainder when 1329171 is divided by 435.
246
Calculate the remainder when 5543217 is divided by 64.
49
What is the remainder when 23401603 is divided by 116?
111
What is the remainder when 3022474 is divided by 756?
742
What is the remainder when 272985 is divided by 1919?
487
Calculate the remainder when 1256120 is divided by 627990.
140
What is the